
Let n(c) = -c**2 + 9*c - 3. Let i be n(6). Let a = i - 9. Suppose -a*g = -g - 5. What is the units digit of g?
1
Suppose d - j + 26 = 6*d, 4*d = -5*j + 4. Let c = 7 - d. What is the units digit of c?
1
Let x be 3 + 3/(3/2). Suppose 2*k - 3 - 1 = -x*i, -3*i + 29 = 5*k. Suppose q = 9 - k. What is the units digit of q?
2
Let k(l) = 4*l**2 + 1 + 25*l**3 - 3*l**2 - 2*l**2. Let m be k(1). Suppose -4 = 4*c, -3*c = -5*n - 8*c + m. What is the units digit of n?
6
Let w = 13 + -6. Let y(r) = 4*r - 5. Let k be y(w). Suppose 5*n - 73 = -m + k, -5*m - 14 = -n. What is the units digit of n?
9
Let t(u) = 2*u - 6. Let x = 1 - -4. What is the units digit of t(x)?
4
Let r = 111 + -44. Suppose -a + 91 = 5*b - r, 5*a = -3*b + 108. What is the tens digit of b?
3
Let x = 19 + 8. Suppose y - x = -2*y. What is the units digit of y?
9
Suppose -4*z = -3*m - 1, -3*m + 4*m + 4*z - 5 = 0. Let r be 0 - (4/8)/((-1)/(-2)). What is the units digit of m*(r + 0) + 9?
8
Let b(j) = 3*j**3 + 5*j**2 - 5*j + 75. Let r(l) = 2*l**3 + 3*l**2 - 3*l + 38. Let s(k) = 3*b(k) - 5*r(k). What is the tens digit of s(0)?
3
Let t(b) = b**3 - 11*b**2 + 11*b - 7. Let y be t(10). Suppose -k = -y*k. Suppose -j + 15 + 0 = k. What is the units digit of j?
5
Let v(d) = -d**3 - 8*d**2 - 8*d - 14. What is the units digit of v(-8)?
0
Let h be (-16)/3*(-5 + 2). Suppose -3*i = -2*t + h, -i - 1 = 3. What is the units digit of t?
2
Suppose -4*g = -10*g. Suppose -j + 30 = -g*j. What is the tens digit of j?
3
Let d = -41 - -23. Let u = d - -39. What is the units digit of u?
1
What is the units digit of 69 - (8 + 3 + -7)?
5
Let k = -50 - -29. Let l = k - -34. What is the tens digit of l?
1
Suppose -z = 4*j + 4*z - 341, -3*z = 2*j - 171. What is the tens digit of j?
8
Let g(u) = 2*u**3 - 3*u**2 + 5*u - 3. What is the tens digit of g(3)?
3
Let m be (-2)/(-10) - (-28)/10. Suppose 3*q = m*y - 45, 3*y - 41 = -q + 8. What is the units digit of y?
6
Suppose -n - 3*n = 4*m - 408, -108 = -n - 4*m. Suppose 5*d + 29 = 3*z, 0*z + n = 5*z + 2*d. What is the units digit of z?
8
Let v(u) be the second derivative of 3*u**4/4 + u**3/3 + u**2/2 + u. What is the units digit of v(-1)?
8
Let z = -7 - -15. What is the tens digit of (z/32)/((-1)/(-44))?
1
Let b(m) = -3*m**3 + 3*m**2 - 6*m + 3. Let t be b(2). Let a = t - -61. What is the tens digit of a?
4
Suppose 0 = -37*f + 34*f + 360. What is the tens digit of f?
2
Suppose -2*i + 17 - 7 = 0. Suppose 0 = q + 3*f + 6 + i, -20 = 5*f. What is the units digit of q?
1
Let s(h) = h + 12. Let d be s(0). Suppose -5*c = 3*b - 32 + d, -5*c - 5*b = -30. What is the units digit of c?
1
Suppose 7*i = 4*i - 6. Let g = i - 8. What is the units digit of ((-8)/10)/(2/g)?
4
Let f(p) = -5*p - 7. Let m(c) = c + 1. Let l be m(-6). What is the tens digit of f(l)?
1
Suppose -z + q = -32, q + 3 = 1. What is the units digit of z?
0
Suppose 3*s + 40 = -2*s. Let q = 12 - 2. What is the units digit of (s/q)/((-6)/15)?
2
Let a be 2/(-2*3/(-12)). Let k = 22 + a. What is the tens digit of k?
2
Let k(i) = i**2 + 5*i + 5. Let a = 24 - 32. What is the units digit of k(a)?
9
Let o(w) = -3*w - 4. Let v(j) = -1. Let y(n) = o(n) - 5*v(n). What is the units digit of y(-5)?
6
Let f be (0 + (-18)/3)*-1. Suppose -2*y + g + 4 = 0, -3*y + 2*g = -1 - f. What is the units digit of (-3 + y)/((-6)/27)?
9
Suppose -2*s = -s + 4*z - 22, z - 5 = 0. Suppose 5*h - q - 60 = 0, 4*h - s*q - 25 = 23. What is the units digit of h?
2
Let u(m) = 6*m - 3 + 6*m - 8*m. What is the tens digit of u(6)?
2
Let j(v) = v - 8. What is the units digit of j(9)?
1
Suppose 0 = -0*h - h + 17. What is the tens digit of h?
1
Let v = -1 - -3. Suppose -v*p + 52 = 3*p - x, 4*x + 48 = 4*p. Let c = -6 + p. What is the units digit of c?
4
Suppose -u + 6 + 13 = 0. What is the units digit of u?
9
What is the units digit of 3 + 3/3 + 55?
9
Let d(g) = g**2 - g - 6. What is the units digit of d(4)?
6
Let i(h) = h + 5. Let u be i(0). Suppose 0 = -3*j + 2*j + d + 14, -5*d = 4*j - 92. Let s = j - u. What is the tens digit of s?
1
Let i(q) = -1 + 4*q - q + q**2 - 2*q. Let v = 139 - 142. What is the units digit of i(v)?
5
Let w(m) = -m**3 + 6*m**2 + 8*m - 1. What is the units digit of w(7)?
6
Let q(f) = f**3 - f**2 + 2. Let k be q(2). Let v(s) = s**2 - 7*s + 9. Let r be v(k). Suppose u + 0*x + 4 = -3*x, -r*u - 2*x = -2. What is the units digit of u?
2
Let x(n) = -n**2 - 7*n + 2. Let l be ((-14)/8)/((-5)/(-20)). Let h be x(l). Suppose 0 = h*w - 2 - 14. What is the units digit of w?
8
Suppose 3*b = 2*b + 10. Suppose 0 = 5*t - 2*o + 3, -2*t + b = -2*o + 4*o. What is the units digit of t?
1
Suppose 3*j + 23 = 2*m, -m + 29 = -3*j - 2*j. Let u(s) = s**2 + 3*s - 5. Let n be u(j). Suppose -n*x + 11 = -24. What is the units digit of x?
7
Let y be 9/4 - 1/4. Let j be -1 + (6 - (y + -1)). What is the units digit of j/(-7)*7/(-2)?
2
Let g(i) = 9 - 6*i + 5*i - 2*i + 4*i. What is the units digit of g(-7)?
2
Let g(b) = 6*b**3 + 2*b**2 - 2*b + 1. Let d be (-1 - 0) + 1 + 5. Suppose w = 4*f + d*w, -f = -4*w - 5. What is the units digit of g(f)?
7
Let l(j) be the third derivative of -j**4/24 - 3*j**3/2 - 5*j**2. What is the units digit of l(-10)?
1
Let b(j) be the first derivative of -j**3/3 + 7*j**2/2 + j - 1. Let z = 6 + 0. What is the units digit of b(z)?
7
Let a(i) = i**2 + 4*i + 4. Let y be a(-4). What is the units digit of -3*y/(-8)*6?
9
Let n be 1/(-6)*2*-12. Suppose 4*w - d + 3 = -4, -4*d + 16 = -n*w. What is the units digit of (w + -1)*7/(-2)?
7
Let g(a) = 2*a**3 + 2*a**2 - 2*a. Let j be g(-2). Let s = j + 26. What is the tens digit of s?
2
Suppose 5*g + m - 5 = 5, -5*m = 4*g - 8. Suppose 1 = f - g. What is the units digit of f?
3
Let w(k) = 20*k**2 - k - 1. Let i be w(-1). Suppose 3*y - i = -n - n, -3*y = 12. Suppose -n - 19 = -5*x. What is the units digit of x?
7
What is the tens digit of 0 + 0 + 301 + -14?
8
Let x be -21*(1 - 0) - -2. Let j = x + 32. What is the tens digit of j?
1
Let q be 7 + 1/(-3)*-3. Let r = q + -6. What is the units digit of r?
2
Suppose 0 = -u - 0*u - 5*n - 40, 5*n + 85 = -4*u. Let d = 7 + u. Let l = -1 - d. What is the units digit of l?
7
Let a be (-22)/(-6) + (-6)/9. Let b(n) be the third derivative of n**4/24 - n**2. What is the units digit of b(a)?
3
Let s(f) = -6*f + 21. What is the tens digit of s(0)?
2
Suppose 0 = -3*t - 6*u + 4*u + 1, 3 = t + 2*u. Let p(j) = -15*j**3 + j**2 + j. What is the units digit of p(t)?
5
Let k(g) = -g**2 + g - 12. Let z = 5 + -5. Let t be k(z). Let d = t - -19. What is the units digit of d?
7
What is the tens digit of 1*3/((-3)/(-59))?
5
Let v be 0*(-1)/(-4)*2. Suppose -2*j + 4 = -5*b + 28, v = -5*b - 5*j + 10. What is the units digit of b?
4
Let q(i) = i**3 - 4*i**2 + 2*i + 1. Let t be q(2). Let y be 18*2/(t - -9). What is the tens digit of (0 + 2)*33/y?
1
Let b(m) = 13*m**2 + m - 1. Let y be b(1). What is the tens digit of ((-6)/2 - y)*-1?
1
Let m(p) = -p**2 - 18*p - 6. What is the tens digit of m(-10)?
7
Suppose 25 = -0*a + 2*a + l, 0 = l - 3. What is the tens digit of a?
1
What is the units digit of (616/16)/(1/2)?
7
Suppose 3*u = i - 88, 2*i = -i + u + 288. What is the tens digit of i?
9
Suppose -4*l = -27 - 141. What is the units digit of l?
2
Suppose -3*t + 3 + 9 = 0. What is the units digit of t?
4
Let l(i) = -i**3 - 8*i**2 + 7*i - 6. What is the tens digit of l(-9)?
1
Suppose -2*h = -54 - 78. What is the units digit of h?
6
Suppose -9*t + 879 = 60. What is the tens digit of t?
9
Let z = -2 - -5. What is the units digit of z?
3
Let q(w) = -w**3 - 8*w**2 + 4. Let z be q(-8). Suppose 1 = 2*s + s - 5*o, 0 = z*s + 4*o - 12. What is the units digit of s/(-7) + (-142)/(-7)?
0
Let h = -9 + 17. Suppose 0 = -5*q + 67 + h. What is the tens digit of q?
1
Let a(u) = 3*u**2 + 28*u - 17. What is the units digit of a(-12)?
9
Suppose -q - 4*h - 13 = 0, -2*h + 0*h = 5*q - 7. Suppose q*a - 96 = -a. Suppose 3*d + 0*d - a = 0. What is the units digit of d?
8
Let q be 2/(-3) + (-10)/3. Suppose 0*r - r = -4*m + 40, -5*m + 3*r + 50 = 0. Let i = m + q. What is the units digit of i?
6
Let t = 213 + -77. What is the hundreds digit of t?
1
Let d = -1 - -3. Let s(y) = -y**3 + 5*y**2 - 3*y + 1. Let k be s(4). Let w = k - d. What is the units digit of w?
3
What is the tens digit of (85 - -1) + (0 - 3)?
8
Let a(b) = -b**3 - 6*b**2 + 3. Let w b